{"id":30,"date":"2024-12-20T09:10:55","date_gmt":"2024-12-20T09:10:55","guid":{"rendered":"https:\/\/demo.bravisthemes.com\/graviton\/?page_id=30"},"modified":"2024-12-27T14:29:14","modified_gmt":"2024-12-27T14:29:14","slug":"iletisim","status":"publish","type":"page","link":"http:\/\/www.solmaztaahhut.com.tr\/demo\/iletisim\/","title":{"rendered":"\u0130leti\u015fim"},"content":{"rendered":"\t\t<div data-elementor-type=\"wp-page\" data-elementor-id=\"30\" class=\"elementor elementor-30\">\n\t\t\t\t        <section class=\"elementor-section elementor-top-section elementor-element elementor-element-e8110a9 elementor-section-full_width elementor-section-stretched pxl-full-content-with-space-start elementor-section-height-default elementor-section-height-default pxl-row-scroll-none pxl-zoom-point-false pxl-section-overflow-visible pxl-section-fix-none pxl-bg-color-none pxl-section-overlay-none\" data-id=\"e8110a9\" data-element_type=\"section\" data-settings=\"{&quot;stretch_section&quot;:&quot;section-stretched&quot;,&quot;background_background&quot;:&quot;classic&quot;}\" style=\"padding-left: calc( (100% - 1650px)\/2);\">\n\n                \n                <div class=\"elementor-container elementor-column-gap-extended \">\n                <div class=\"elementor-column elementor-col-50 elementor-top-column elementor-element elementor-element-a4e8211 pxl-column-none pxl-column-overflow-hidden-no\" data-id=\"a4e8211\" data-element_type=\"column\" data-settings=\"{&quot;background_background&quot;:&quot;classic&quot;}\">\r\n        <div class=\"elementor-widget-wrap elementor-element-populated\">\r\n                     \r\n        \t\t<div class=\"elementor-element elementor-element-f24ea37 elementor-widget elementor-widget-pxl_heading\" data-id=\"f24ea37\" data-element_type=\"widget\" data-widget_type=\"pxl_heading.default\">\n\t\t\t\t<div class=\"elementor-widget-container\">\n\t\t\t\t\t\n<div id=\"pxl-pxl_heading-f24ea37-4714\" class=\"pxl-heading px-sub-title-default-style \">\n\t<div class=\"pxl-heading--inner\">\n\t\t\t\t\t<div class=\"pxl-item--subtitle px-sub-title-default \" data-wow-delay=\"ms\">\n\t\t\t\t<span class=\"pxl-item--subtext\">\n\t\t\t\t\t\t\t\t\t\t\u0130leti\u015fim Bilgilerimiz\t\t\t\t<\/span>\n\t\t\t<\/div>\n\t\t\n\t\t\t<h3 class=\"pxl-item--title style-default highlight-default \" data-wow-delay=\"ms\">\n\t\t\t\t\t\t\t\u0130leti\u015fim \t\n\t\t\t\t\n\t\t<\/h3>\n\t<\/div>\n<\/div> \t\t\t\t<\/div>\n\t\t\t\t<\/div>\n\t\t\t\t<div class=\"elementor-element elementor-element-cf0d953 elementor-widget elementor-widget-pxl_text_editor\" data-id=\"cf0d953\" data-element_type=\"widget\" data-widget_type=\"pxl_text_editor.default\">\n\t\t\t\t<div class=\"elementor-widget-container\">\n\t\t\t\t\t<div class=\"pxl-text-editor\">\n\t<div class=\"pxl-item--inner \" data-wow-delay=\"ms\">\n\t\t<p>Sorular\u0131n\u0131z, \u00f6nerileriniz ve herhangi bir iste\u011finiz i\u00e7in bizimle ileti\u015fime ge\u00e7mek isterseniz, a\u015fa\u011f\u0131daki ileti\u015fim kanallar\u0131n\u0131 kullanabilirsiniz.<\/p>\t\t\n\t<\/div>\n<\/div>\t\t\t\t<\/div>\n\t\t\t\t<\/div>\n\t\t\t\t<div class=\"elementor-element elementor-element-c684bff elementor-widget__width-initial elementor-widget elementor-widget-pxl_breadcrumb\" data-id=\"c684bff\" data-element_type=\"widget\" data-widget_type=\"pxl_breadcrumb.default\">\n\t\t\t\t<div class=\"elementor-widget-container\">\n\t\t\t\t\t<div class=\"pxl-breadcrumb-wrap\">\n\t<ul class=\"pxl-breadcrumb\"><li><span class=\"breadcrumb-entry\">Ana Sayfa<\/span><\/li><\/ul><\/div>\t\t\t\t<\/div>\n\t\t\t\t<\/div>\n\t\t            <\/div>\r\n        <\/div>\r\n                <div class=\"elementor-column elementor-col-50 elementor-top-column elementor-element elementor-element-5ac81ea pxl-column-none pxl-column-overflow-hidden-no\" data-id=\"5ac81ea\" data-element_type=\"column\" data-settings=\"{&quot;background_background&quot;:&quot;classic&quot;}\">\r\n        <div class=\"elementor-widget-wrap elementor-element-populated\">\r\n                     \r\n        \t\t<div class=\"elementor-element elementor-element-2199937 elementor-widget elementor-widget-spacer\" data-id=\"2199937\" data-element_type=\"widget\" data-widget_type=\"spacer.default\">\n\t\t\t\t<div class=\"elementor-widget-container\">\n\t\t\t\t\t\t\t<div class=\"elementor-spacer\">\n\t\t\t<div class=\"elementor-spacer-inner\"><\/div>\n\t\t<\/div>\n\t\t\t\t\t\t<\/div>\n\t\t\t\t<\/div>\n\t\t            <\/div>\r\n        <\/div>\r\n        \t\t\t<\/div>\n\t\t<\/section>\n\t\t        <section class=\"elementor-section elementor-top-section elementor-element elementor-element-05343da elementor-section-stretched elementor-section-boxed elementor-section-height-default elementor-section-height-default pxl-row-scroll-none pxl-zoom-point-false pxl-section-overflow-visible pxl-section-fix-none pxl-bg-color-none pxl-section-overlay-none\" data-id=\"05343da\" data-element_type=\"section\" data-settings=\"{&quot;stretch_section&quot;:&quot;section-stretched&quot;}\">\n\n                \n                <div class=\"elementor-container elementor-column-gap-extended \">\n                <div class=\"elementor-column elementor-col-50 elementor-top-column elementor-element elementor-element-7739b4e pxl-column-none pxl-column-overflow-hidden-no\" data-id=\"7739b4e\" data-element_type=\"column\">\r\n        <div class=\"elementor-widget-wrap elementor-element-populated\">\r\n                     \r\n        \t\t<div class=\"elementor-element elementor-element-6836bc8 elementor-invisible elementor-widget elementor-widget-pxl_location\" data-id=\"6836bc8\" data-element_type=\"widget\" data-settings=\"{&quot;_animation&quot;:&quot;fadeInRight&quot;}\" data-widget_type=\"pxl_location.default\">\n\t\t\t\t<div class=\"elementor-widget-container\">\n\t\t\t\t\t<div class=\"pxl-location pxl-location1\">\r\n            <div class=\"pxl-image\">\r\n            <img fetchpriority=\"high\" decoding=\"async\" width=\"980\" height=\"300\" src=\"http:\/\/www.solmaztaahhut.com.tr\/demo\/wp-content\/uploads\/2024\/12\/100-elazig-harput-kalesi-vedat-demir.webp\" class=\"attachment-full\" alt=\"\" \/>        <\/div>\r\n        <div class=\"pxl-holder-items\">\r\n                    <h3 class=\"pxl-title-location\">\r\n                Elaz\u0131\u011f            <\/h3>\r\n                            <div class=\"pxl-subtitle-location\">\r\n                Merkez            <\/div>\r\n                <div class=\"pxl-list\">\r\n                            <div class=\"pxl--item\">\r\n                                            <span>Adres:<\/span> Cumhuriyet Mahallesi K\u0131l\u0131\u00e7han Sokak No:35\/1 - ELAZI\u011e                                    <\/div>\r\n                            <div class=\"pxl--item\">\r\n                                            <span>Telefon: <\/span> 0 424 502 03 35                                    <\/div>\r\n                            <div class=\"pxl--item\">\r\n                                            <span>E-Mail: <\/span> info@solmaztaahhut.com.tr                                    <\/div>\r\n                    <\/div>\r\n                    <div class=\"pxl-button-location\">\r\n                <a href=\"#\">                Konumu G\u00f6r                <i class=\"far fa-arrow-right\"><\/i>\r\n                <\/a>            <\/div>\r\n            <\/div>\r\n<\/div>\r\n\t\t\t\t<\/div>\n\t\t\t\t<\/div>\n\t\t\t\t<div class=\"elementor-element elementor-element-c12076f elementor-widget elementor-widget-google_maps\" data-id=\"c12076f\" data-element_type=\"widget\" data-widget_type=\"google_maps.default\">\n\t\t\t\t<div class=\"elementor-widget-container\">\n\t\t\t\t\t\t\t<div class=\"elementor-custom-embed\">\n\t\t\t<iframe loading=\"lazy\"\n\t\t\t\t\tsrc=\"https:\/\/maps.google.com\/maps?q=Cumhuriyet%20Mahallesi%20K%C4%B1l%C4%B1%C3%A7han%20Sokak%20No%3A35%2F1%20-%20ELAZI%C4%9E&#038;t=m&#038;z=13&#038;output=embed&#038;iwloc=near\"\n\t\t\t\t\ttitle=\"Cumhuriyet Mahallesi K\u0131l\u0131\u00e7han Sokak No:35\/1 - ELAZI\u011e\"\n\t\t\t\t\taria-label=\"Cumhuriyet Mahallesi K\u0131l\u0131\u00e7han Sokak No:35\/1 - ELAZI\u011e\"\n\t\t\t><\/iframe>\n\t\t<\/div>\n\t\t\t\t\t\t<\/div>\n\t\t\t\t<\/div>\n\t\t            <\/div>\r\n        <\/div>\r\n                <div class=\"elementor-column elementor-col-50 elementor-top-column elementor-element elementor-element-bdab92a pxl-column-none pxl-column-overflow-hidden-no\" data-id=\"bdab92a\" data-element_type=\"column\">\r\n        <div class=\"elementor-widget-wrap elementor-element-populated\">\r\n                     \r\n        \t\t<div class=\"elementor-element elementor-element-ca265a8 elementor-invisible elementor-widget elementor-widget-pxl_location\" data-id=\"ca265a8\" data-element_type=\"widget\" data-settings=\"{&quot;_animation&quot;:&quot;fadeInRight&quot;,&quot;_animation_delay&quot;:600}\" data-widget_type=\"pxl_location.default\">\n\t\t\t\t<div class=\"elementor-widget-container\">\n\t\t\t\t\t<div class=\"pxl-location pxl-location1\">\r\n            <div class=\"pxl-image\">\r\n            <img decoding=\"async\" width=\"788\" height=\"243\" src=\"http:\/\/www.solmaztaahhut.com.tr\/demo\/wp-content\/uploads\/2024\/12\/2024-12-23_16-29-48.png\" class=\"attachment-full\" alt=\"\" \/>        <\/div>\r\n        <div class=\"pxl-holder-items\">\r\n                    <h3 class=\"pxl-title-location\">\r\n                Ankara            <\/h3>\r\n                            <div class=\"pxl-subtitle-location\">\r\n                Ofis            <\/div>\r\n                <div class=\"pxl-list\">\r\n                            <div class=\"pxl--item\">\r\n                                            <span>Adres:<\/span> Ahlatl\u0131bel Mahallesi 1859. Cadde No:83 - ANKARA                                    <\/div>\r\n                            <div class=\"pxl--item\">\r\n                                            <span>Telefon: <\/span> 0 312 000 00 00                                    <\/div>\r\n                            <div class=\"pxl--item\">\r\n                                            <span>E-Mail: <\/span> info@solmaztaahhut.com.tr                                    <\/div>\r\n                    <\/div>\r\n                    <div class=\"pxl-button-location\">\r\n                <a href=\"#\">                Konumu G\u00f6r                <i class=\"far fa-arrow-right\"><\/i>\r\n                <\/a>            <\/div>\r\n            <\/div>\r\n<\/div>\r\n\t\t\t\t<\/div>\n\t\t\t\t<\/div>\n\t\t\t\t<div class=\"elementor-element elementor-element-419eb86 elementor-widget elementor-widget-google_maps\" data-id=\"419eb86\" data-element_type=\"widget\" data-widget_type=\"google_maps.default\">\n\t\t\t\t<div class=\"elementor-widget-container\">\n\t\t\t\t\t\t\t<div class=\"elementor-custom-embed\">\n\t\t\t<iframe loading=\"lazy\"\n\t\t\t\t\tsrc=\"https:\/\/maps.google.com\/maps?q=Ahlatl%C4%B1bel%20Mahallesi%201859.%20Cadde%20No%3A83%20-%20ANKARA&#038;t=m&#038;z=13&#038;output=embed&#038;iwloc=near\"\n\t\t\t\t\ttitle=\"Ahlatl\u0131bel Mahallesi 1859. Cadde No:83 - ANKARA\"\n\t\t\t\t\taria-label=\"Ahlatl\u0131bel Mahallesi 1859. Cadde No:83 - ANKARA\"\n\t\t\t><\/iframe>\n\t\t<\/div>\n\t\t\t\t\t\t<\/div>\n\t\t\t\t<\/div>\n\t\t            <\/div>\r\n        <\/div>\r\n        \t\t\t<\/div>\n\t\t<\/section>\n\t\t\t\t<\/div>\n\t\t","protected":false},"excerpt":{"rendered":"<p>\u0130leti\u015fim Bilgilerimiz \u0130leti\u015fim Sorular\u0131n\u0131z, \u00f6nerileriniz ve herhangi bir iste\u011finiz i\u00e7in bizimle ileti\u015fime ge\u00e7mek isterseniz, a\u015fa\u011f\u0131daki ileti\u015fim kanallar\u0131n\u0131 kullanabilirsiniz. Ana Sayfa Elaz\u0131\u011f Merkez Adres: Cumhuriyet Mahallesi K\u0131l\u0131\u00e7han Sokak No:35\/1 &#8211; ELAZI\u011e Telefon: 0 424 502 03 35 E-Mail: info@solmaztaahhut.com.tr Konumu G\u00f6r&#8230;<\/p>\n","protected":false},"author":1,"featured_media":0,"parent":0,"menu_order":0,"comment_status":"closed","ping_status":"closed","template":"","meta":{"footnotes":""},"class_list":["post-30","page","type-page","status-publish","hentry"],"_links":{"self":[{"href":"http:\/\/www.solmaztaahhut.com.tr\/demo\/wp-json\/wp\/v2\/pages\/30","targetHints":{"allow":["GET"]}}],"collection":[{"href":"http:\/\/www.solmaztaahhut.com.tr\/demo\/wp-json\/wp\/v2\/pages"}],"about":[{"href":"http:\/\/www.solmaztaahhut.com.tr\/demo\/wp-json\/wp\/v2\/types\/page"}],"author":[{"embeddable":true,"href":"http:\/\/www.solmaztaahhut.com.tr\/demo\/wp-json\/wp\/v2\/users\/1"}],"replies":[{"embeddable":true,"href":"http:\/\/www.solmaztaahhut.com.tr\/demo\/wp-json\/wp\/v2\/comments?post=30"}],"version-history":[{"count":164,"href":"http:\/\/www.solmaztaahhut.com.tr\/demo\/wp-json\/wp\/v2\/pages\/30\/revisions"}],"predecessor-version":[{"id":17981,"href":"http:\/\/www.solmaztaahhut.com.tr\/demo\/wp-json\/wp\/v2\/pages\/30\/revisions\/17981"}],"wp:attachment":[{"href":"http:\/\/www.solmaztaahhut.com.tr\/demo\/wp-json\/wp\/v2\/media?parent=30"}],"curies":[{"name":"wp","href":"https:\/\/api.w.org\/{rel}","templated":true}]}}